and q?
9
Let w = 6 + -4. Let n(g) = -g. Let x be n(5). Let v be (x/20)/(2/(-8)). What is the greatest common divisor of w and v?
1
Let c(j) = j**2 - 4*j. Let s be c(-11). Let u be s/12 - 2/(-8). Suppose 2*z - 42 - 28 = 0. Calculate the greatest common factor of z and u.
7
Suppose 51*f = 50*f + 16. Let p(m) = 10*m + 4. Let h be p(6). Calculate the highest common factor of f and h.
16
Let h(k) = -8*k + 15. Let i be h(0). Calculate the highest common divisor of 9 and i.
3
Suppose 8 - 20 = -3*v. Calculate the highest common divisor of 6 and v.
2
Let t(w) = w**3 + 2*w**2 - w + 95. Let o be t(0). What is the highest common factor of 38 and o?
19
Suppose 0 = a + 2*k - 223, 3*a - 2*k = -78 + 739. What is the greatest common factor of a and 13?
13
Let d = -6 - -9. Suppose d*n = r + 2*r, 0 = 5*r + 15. Let c = n - -8. Calculate the highest common factor of c and 45.
5
Let i(t) be the second derivative of -t**4/12 - 5*t**3/3 + 7*t**2/2 - 2*t. Let x be i(-9). Calculate the highest common factor of 80 and x.
16
Suppose -r - 8 + 26 = 5*m, -4*r = -12. Suppose -m*y + y + 48 = 0. What is the greatest common factor of y and 168?
24
Suppose -y + 106 = 37. Suppose -4*w = 5 - y. Calculate the greatest common divisor of w and 2.
2
Let q be 26/30 + 6/45. What is the highest common divisor of 8 and q?
1
Let w be (6 - 3)*-1 - (-8 - 0). Let x be (-2)/(1 + (-11)/10). Calculate the highest common divisor of x and w.
5
Let h = -5 - -10. Let d = h - 2. Suppose 7*n + 4 = d*n, -2*n = f - 20. Calculate the greatest common divisor of f and 33.
11
Suppose -4*m - 2*z = -5*z - 26, 4*z = -3*m + 7. Calculate the greatest common divisor of 40 and m.
5
Let d be ((-9)/(-6))/(36/120). Calculate the greatest common factor of d and 2.
1
Let i be (276/16)/((-1)/(-8)). Let s be i/3*(-2)/(-4). Suppose 87 = 2*h + s. What is the highest common divisor of 48 and h?
16
Let r(n) be the second derivative of 4*n**3/3 - n**2/2 - 2*n. Let g be r(1). Let q = 20 + g. What is the greatest common factor of q and 18?
9
Let s be (-16)/(-6) - (-1)/3. Suppose 12 = -2*i + s*i. Suppose 4*l = 8 + i. Calculate the greatest common divisor of l and 2.
1
Suppose 2*p + p - 63 = 0. Let o(q) = -q**3 - 4*q**2 + 5*q - 3. Let j be o(-5). Let c = j + 6. What is the greatest common divisor of p and c?
3
Let l(m) = -m**2 + m - 1. Let j be l(-5). Let h = j + 141. Let b(z) = z**2 + 3*z. Let w be b(-5). Calculate the greatest common factor of h and w.
10
Let s = 19 + -52. Let b = s + 53. Let m = -5 + 9. What is the highest common factor of m and b?
4
Let g be 7/(-2)*4/(-2). Suppose 2*a + h = 7*a - 70, -a - 3*h + 14 = 0. What is the greatest common divisor of g and a?
7
Let k be (2/3)/((-8)/(-60)). Suppose -8 + 18 = k*z. Let p be ((-10)/8)/(z/(-80)). Calculate the highest common divisor of 10 and p.
10
Let h = 115 - 55. Suppose -50 = -4*y + 30. Suppose 0 = -4*z + 5*t + 116, 0*z - t = z - y. What is the highest common divisor of h and z?
12
Let o(n) = 13*n + 13. Let u be o(9). Calculate the highest common factor of 10 and u.
10
Let f(j) = 5*j - 8. Let i be f(6). Suppose -3*h - 4*k = -6*k - i, -10 = -5*h - 2*k. Suppose 1 + 3 = h*p. Calculate the greatest common divisor of 8 and p.
1
Let c(r) = -3*r - 2. Let z be c(-2). Let t be 1 + (z - (-3)/3). Calculate the highest common factor of 18 and t.
6
Let c be 650/4*4 - -3. Let a be c/5 - (-6)/15. Let z = a - 76. What is the greatest common divisor of 11 and z?
11
Let y be (1/(-2))/((-1)/14). Let f = -73 - -136. Calculate the greatest common divisor of y and f.
7
Let s be (-18)/4*(-3 + 1). Let c = 5 + 20. Let x be (2 + c)*(5 + -2). What is the greatest common factor of x and s?
9
Suppose -4*l + 4*k - 8 = 0, -5*l - 12 + 2 = 4*k. Let p be (l - 0)*(-3 - -1). Let g be 1 - (-1 - (0 + 0)). What is the highest common divisor of p and g?
2
Let c be (7 - -2)/3 - 18. Let l be ((-8)/(-20))/((-1)/c). What is the highest common divisor of l and 12?
6
Let z = 3 + 1. Suppose -5*u + 244 = 4*l, -u = 4*u - z*l - 276. Suppose 5*x = -5*b + 270, 3*b - 2*b = -3*x + u. What is the greatest common factor of b and 5?
5
Let d = 22 + -13. What is the highest common divisor of 36 and d?
9
Let b be 3/3 + (0 - 0). Let m be b/(-2 + (-39)/(-18)). What is the highest common factor of m and 66?
6
Let q(i) = i**2 + 11*i + 5. Let t be q(-12). Suppose -2*h + d = -41, 2*d + t = h + 5*d. Calculate the greatest common divisor of h and 5.
5
Let z(g) be the third derivative of g**4/24 + g**3/3 - 2*g**2. Let b be z(-4). Let a = 0 - b. What is the greatest common factor of a and 2?
2
Suppose 3*p + 2*k = -0*p + 10, 5*k = 2*p + 25. Suppose -4 = -p*n - n. Suppose -2*i + 10 = -n. Calculate the highest common factor of i and 28.
7
Let j be 537/12 - (-2)/8. What is the highest common divisor of j and 9?
9
Suppose -2*x - 279 = -5*x. Suppose -x = -2*u - y, u - 4*y - 43 = -y. What is the highest common divisor of u and 23?
23
Let j = -15 - -60. Let s(x) = -4*x**2 - 2*x**2 + x**3 - 4*x + x**2 - 3. Let n be s(6). What is the greatest common divisor of n and j?
9
Let h = 554 + -394. What is the greatest common factor of h and 5?
5
Suppose -3*z + 69 = 3*n, n = 2*z + 2*z + 8. Calculate the highest common factor of 20 and n.
20
Suppose 2*t + 2*d = 5*d, 0 = -4*t + d + 20. Suppose 0 = -5*o + t + 29. Let z be o/(21/30) + 2. What is the highest common factor of z and 84?
12
Let g = 55 - 25. What is the greatest common divisor of g and 15?
15
Let q = -83 + 119. What is the highest common divisor of 90 and q?
18
Suppose 2*f - 149 = -23. What is the highest common factor of 9 and f?
9
Suppose -6 = 4*r + 2*v, -2*v = r + 8 - 2. Let t be (6 + -5)*(1 + r). Let o be t + -3*(-142)/6. Calculate the highest common divisor of o and 8.
8
Let t be (-2)/4 - (-3)/6. Let q be (t/3 - -2) + -3. Let f be (-39)/q + (-1 - -1). Calculate the highest common divisor of f and 13.
13
Let j = -14 + 20. What is the greatest common factor of 3 and j?
3
Let f(i) = 7*i. Let s be (4 - 3)/(2/6). Suppose -15 = -s*g - 0. Let k be f(g). What is the greatest common factor of 5 and k?
5
Suppose -2*q - 2*i = -60 + 10, -4*i - 92 = -4*q. What is the highest common factor of 6 and q?
6
Let h(p) = 2*p**2 + 2*p + 1. Let x be h(-1). Let n be 18 + 0/(1 + x). Suppose 0 = -25*w + 24*w + 18. What is the highest common divisor of n and w?
18
Let f = 48 + -45. Calculate the greatest common divisor of f and 1.
1
Let n(d) = 7*d**2 - d - 3. Let a be n(-2). What is the highest common divisor of a and 3?
3
Suppose 0 = -4*f - 5 + 57. Let w(d) = -24*d - 3. Let s be w(-5). Calculate the greatest common factor of s and f.
13
Let o(t) = -t - 2. Let q be o(4). Let i be (105/10)/(q/(-56)). What is the highest common divisor of i and 14?
14
Suppose -2*g + 34 = -20. Calculate the highest common factor of 3 and g.
3
Suppose 2*n = 3*f + 21 - 140, -2*f + 83 = -5*n. Let d be (16 + -3)/((-2)/(-4)). What is the greatest common divisor of f and d?
13
Suppose 2*y + 13 = -b - 0*y, 0 = -5*b - 3*y - 30. Let z be (-68)/b - (-4)/3. What is the greatest common factor of z and 48?
24
Suppose 0 = -7*x + 2*x, -f + 17 = x. Suppose 3*o - o - j = 15, -2*o + 6 = 2*j. Suppose -f = -u - o. Calculate the greatest common divisor of u and 121.
11
Let m be (4/6)/(4/66). Let l = 28 - 17. Calculate the highest common factor of l and m.
11
Let a(b) = -9*b**3 - 3*b**2 - 3*b - 3. Let o be a(-2). Let k = o - 44. Calculate the greatest common divisor of 57 and k.
19
Let j(l) = 7*l**2 - 1. Let a be j(1). Let b(i) = 2*i + 9. Let g be b(-7). Let s = -3 - g. Calculate the highest common divisor of s and a.
2
Let w be 3/(11/5 + -2). What is the greatest common factor of 10 and w?
5
Let h(n) = 6*n - 3*n - n. Let j be h(6). Let s = 29 - 17. Calculate the highest common divisor of j and s.
12
Let v = 11 - 0. Calculate the greatest common divisor of 99 and v.
11
Suppose -5*j - 354 = -2*h - 0*j, 0 = h - 3*j - 179. Let i = h - 35. What is the greatest common divisor of 12 and i?
12
Suppose v + 3*b = 9, -24 - 72 = -5*v + 2*b. What is the highest common factor of 162 and v?
18
Let h be ((-3)/9)/(2/6). Let k be 1 + (h - -1) - -1. Let s be (-2 - k/(-1)) + 66. Calculate the greatest common divisor of s and 6.
6
Let c be -6 - (-2 - -4) - -3. Let x be c*(81/(-15) + 3). What is the greatest common factor of x and 2?
2
Let q(l) = -l**2 - l + 7. Let c be q(0). 